{"id":52,"date":"2021-03-30T12:28:19","date_gmt":"2021-03-30T10:28:19","guid":{"rendered":"https:\/\/hortjs.edu-meissen.de\/?page_id=52"},"modified":"2021-09-21T11:41:55","modified_gmt":"2021-09-21T09:41:55","slug":"hausordnung","status":"publish","type":"page","link":"https:\/\/hortjs.edu-meissen.de\/?page_id=52","title":{"rendered":"Hausordnung"},"content":{"rendered":"\n<p><\/p>\n\n\n<p style=\"text-align: center;\"><strong>Hort der Johannesschule Mei\u00dfen<\/strong><\/p>\n<p style=\"padding-left: 80px; text-align: left;\"><strong>Dresdner Stra\u00dfe 21\/23&nbsp;&nbsp;&nbsp;&nbsp;&nbsp;&nbsp;&nbsp;&nbsp;&nbsp;&nbsp;&nbsp;&nbsp;&nbsp;&nbsp;&nbsp;&nbsp;&nbsp;&nbsp;&nbsp;&nbsp;&nbsp;&nbsp;&nbsp;&nbsp;&nbsp;&nbsp;&nbsp;&nbsp;&nbsp;&nbsp;&nbsp;&nbsp;&nbsp;&nbsp;&nbsp;&nbsp;&nbsp;&nbsp;&nbsp;&nbsp;&nbsp;&nbsp;&nbsp;&nbsp;&nbsp;&nbsp;&nbsp;&nbsp;&nbsp;&nbsp;&nbsp;&nbsp;&nbsp;&nbsp;&nbsp;&nbsp;&nbsp;&nbsp;&nbsp;&nbsp;&nbsp;&nbsp;&nbsp;&nbsp;&nbsp;&nbsp;&nbsp;&nbsp;&nbsp;&nbsp;&nbsp;&nbsp;&nbsp;&nbsp;&nbsp;&nbsp;&nbsp;&nbsp;&nbsp;&nbsp;&nbsp;&nbsp;&nbsp; 01662 Mei\u00dfen&nbsp;&nbsp;&nbsp;&nbsp;&nbsp;&nbsp;&nbsp;&nbsp;&nbsp;&nbsp;&nbsp;&nbsp;&nbsp;&nbsp;&nbsp;&nbsp;&nbsp;&nbsp;&nbsp;&nbsp;&nbsp;&nbsp;&nbsp;&nbsp;&nbsp;&nbsp;&nbsp;&nbsp;&nbsp;&nbsp;&nbsp;&nbsp;&nbsp;&nbsp;&nbsp;&nbsp;&nbsp;&nbsp;&nbsp;&nbsp;&nbsp;&nbsp;&nbsp;&nbsp;&nbsp;&nbsp;&nbsp;&nbsp;&nbsp;&nbsp;&nbsp;&nbsp;&nbsp;&nbsp;&nbsp;&nbsp;&nbsp;&nbsp;&nbsp;&nbsp;&nbsp;&nbsp;&nbsp;&nbsp;&nbsp;&nbsp;&nbsp;&nbsp;&nbsp;&nbsp;&nbsp;&nbsp;&nbsp;&nbsp;&nbsp;&nbsp;&nbsp;&nbsp;&nbsp;&nbsp;&nbsp;&nbsp;&nbsp;&nbsp;&nbsp;&nbsp;&nbsp;&nbsp;&nbsp;&nbsp;&nbsp;&nbsp; Tel.: 03521\/731154<\/strong><\/p>\n<h6>&nbsp;<\/h6>\n<h6 style=\"text-align: center;\"><strong>F\u00fcr alle Hortr\u00e4ume und das gesamte Au\u00dfengel\u00e4nde<\/strong><\/h6>\n<ul>\n<li style=\"list-style-type: none;\">\n<ul>\n<li><u>\u00d6ffnungszeiten<\/u><\/li>\n<\/ul>\n<\/li>\n<\/ul>\n<p style=\"padding-left: 80px;\">Der Hort ist in der Schulzeit von Montag bis Freitag von 6:00 Uhr bis 9:00 und 11:50 Uhr bis 17:00 Uhr sowie in den Ferien und an schulfreien Tagen von 6:00 Uhr bis 17:00 Uhr ge\u00f6ffnet.<\/p>\n<ul>\n<li style=\"list-style-type: none;\">\n<ul>\n<li><u>Verhalten im Hort<\/u><\/li>\n<\/ul>\n<\/li>\n<\/ul>\n<p style=\"padding-left: 80px;\">Der Hort ist ein Ort des Wohlf\u00fchlens, der gegenseitigen Wertsch\u00e4tzung, der Freude und des gemeinsamen Lernens. K\u00f6rperliche sowie verbale Aggressionen werden nicht akzeptiert und werden sanktioniert.<\/p>\n<p style=\"padding-left: 80px;\">Eig<span style=\"font-size: inherit;\">entum von Personen, Hort und Schule wird geachtet und werterhaltend genutzt. Sch\u00e4den sind unverz\u00fcglich zu melden. Mutwillig Zerst\u00f6rtes wird ersetzt. Verst\u00f6\u00dfe werden je nach Sachlage geregelt. Es gilt das Prinzip der Wiedergutmachung.<\/span><\/p>\n<p style=\"padding-left: 80px;\">Die Hortkinder tragen in den R\u00e4umen des Hortes Hausschuhe.<\/p>\n<p style=\"padding-left: 80px;\">Ballspielen ist im Hort- und Schulgeb\u00e4ude sowie Hort- und Schulhof verboten und nur auf dem Freigel\u00e4nde hinter der Turnhalle gestattet. Der Aufenthalt auf dem Schulhof ist ab 12:45 Uhr m\u00f6glich.<\/p>\n<p style=\"padding-left: 80px;\">Bepflanzte Gr\u00fcnfl\u00e4chen werden nicht betreten; der Rasen ist davon ausgenommen.<\/p>\n<p style=\"padding-left: 80px;\">Fotografieren im Hort dient ausschlie\u00dflich Dokumentationszwecken. Privates Fotografieren ist verboten.<\/p>\n<ul>\n<li style=\"list-style-type: none;\">\n<ul>\n<li><u>Elektronische Ger\u00e4te<\/u><\/li>\n<\/ul>\n<\/li>\n<\/ul>\n<p style=\"padding-left: 80px;\">Handys sind im Hort auszuschalten und verbleiben im Ranzen.<\/p>\n<p style=\"padding-left: 80px;\">Handyuhren bzw. internetf\u00e4hige Uhren mit Telefonfunktion werden im Hort nicht benutzt.<\/p>\n<p style=\"padding-left: 80px;\">Elektronisches Spielzeug wird nur zu festgelegten Zeiten (Techniktag) gestattet und darf nicht internetf\u00e4hig sein.<\/p>\n<ul>\n<li style=\"list-style-type: none;\">\n<ul>\n<li><u>Hausaufgaben<\/u><\/li>\n<\/ul>\n<\/li>\n<\/ul>\n<p style=\"padding-left: 80px;\">Die Hortkinder erhalten innerhalb der Hortzeit die M\u00f6glichkeit, ihre Hausaufgaben selbstst\u00e4ndig zu erledigen. Die Endkontrolle obliegt den Eltern.<\/p>\n<ul>\n<li style=\"list-style-type: none;\">\n<ul>\n<li><u>Sicherheit \/ Unfallverh\u00fctung \/ Hygiene<\/u><\/li>\n<\/ul>\n<\/li>\n<\/ul>\n<p style=\"padding-left: 80px;\">Die Kinder sind durch die Unfallkasse Sachsen auf dem direkten Weg zum und vom Hort, bei Veranstaltungen au\u00dferhalb in Verantwortung des Hortes sowie beim Besuch des Hortes unfallversichert.<\/p>\n<p style=\"padding-left: 80px;\">Alle Wegeunf\u00e4lle sind unverz\u00fcglich im Hort zu melden.<\/p>\n<p style=\"padding-left: 80px;\">W\u00e4hrend des Hortbesuches haben die Erzieherinnen die Aufsichtspflicht und die Kinder eine An- und Abmeldepflicht. Die Aufsichtspflicht beginnt mit der Begr\u00fc\u00dfung der Erzieherin und endet mit der Verabschiedung des Kindes zur vereinbarten Zeit oder bei \u00dcbergabe an eine abholberechtigte Person.<\/p>\n<p style=\"padding-left: 80px;\">Bei Veranstaltungen mit den Eltern liegt die Aufsichtspflicht bei den Personensorgeberechtigten bzw. bei der beauftragten Person. Geschwisterkinder genie\u00dfen generell keinen Versicherungsschutz, wenn kein Betreuungsvertrag mit dem Hort besteht.<\/p>\n<p style=\"padding-left: 80px;\">Im Rahmen der Aufsichtspflicht wird den Hortkindern ein dem Alter angemessener Freiraum gew\u00e4hrt. F\u00fcr alle Hortkinder besteht eine Pflicht zum Einhalten vereinbarter Regeln sowie eine Ordnungs- und Aufr\u00e4umpflicht beim Verlassen des Hortes.<\/p>\n<p style=\"padding-left: 80px;\">Die Eltern und abholberechtigten Personen betreten aus hygienischen Gr\u00fcnden nicht die Gruppenr\u00e4ume.<\/p>\n<ul>\n<li style=\"list-style-type: none;\">\n<ul>\n<li><u>Abholen und<\/u><u> Meldepflicht der Personensorgeberechtigten<\/u><\/li>\n<\/ul>\n<\/li>\n<\/ul>\n<p style=\"padding-left: 80px;\">Die Erreichbarkeit der Eltern muss abgesichert sein durch Angabe aktueller Telefonnummern.<\/p>\n<p style=\"padding-left: 80px;\">Abholberechtigte Personen sind au\u00dfer den Personensorgeberechtigten Personen mit Vollmachten. Dauervollmachten gelten bis zum Zeitpunkt des Widerrufs. Wird ein Kind bis 17:00 Uhr nicht abgeholt und es liegt keine Information der Personensorgeberechtigten vor, wird das Kind nach 18:00 Uhr der Polizei \u00fcbergeben.<\/p>\n<ul>\n<li style=\"list-style-type: none;\">\n<ul>\n<li><u>Verhalten bei Erkrankungen und Unf\u00e4llen<\/u><\/li>\n<\/ul>\n<\/li>\n<\/ul>\n<p style=\"padding-left: 80px;\">Verletzungen, Erkrankungen und Unf\u00e4lle sind unverz\u00fcglich der zust\u00e4ndigen Erzieherin zu melden, um die erforderlichen Ma\u00dfnahmen einzuleiten.<\/p>\n<p style=\"padding-left: 80px;\">Kinder, die an \u00fcbertragbaren Krankheiten oder Kopfl\u00e4usen leiden, d\u00fcrfen laut Infektionsschutzgesetz den Hort nicht besuchen und die Eltern m\u00fcssen die Meldepflicht gegen\u00fcber der Horteinrichtung wahrnehmen. Die Wiederaufnahme erfolgt nur unter Beachtung der gesetzlichen Vorgaben.<\/p>\n<p style=\"padding-left: 80px;\">Eine Medikamentengabe durch die Erzieherinnen erfolgt nicht. Ausnahmen gelten bei chronisch kranken Kindern nach Absprache vor der Aufnahme in den Hort.<\/p>\n<ul>\n<li style=\"list-style-type: none;\">\n<ul>\n<li><u>Haftung<\/u><\/li>\n<\/ul>\n<\/li>\n<\/ul>\n<p style=\"padding-left: 80px;\">Eine Haftung f\u00fcr jegliche in den Hort mitgebrachten Wertgegenst\u00e4nde, Kleidung und Musikinstrumente wird nicht \u00fcbernommen. Feuerzeuge, Z\u00fcndh\u00f6lzer, Messer und pyrotechnische Gegenst\u00e4nde geh\u00f6ren nicht in den Hort.<\/p>\n<p style=\"padding-left: 80px;\">Das Horteigentum wird nur von Hortkindern genutzt.<\/p>\n<p style=\"padding-left: 80px;\">Mei\u00dfen, M\u00e4rz 2021<\/p>\n<p><\/p>\n<p style=\"text-align: center;\">Anlage&nbsp; zum Betreuungsvertrag&nbsp;&nbsp;&nbsp;<\/p>\n<p style=\"text-align: left; padding-left: 40px;\"><strong>Gro\u00dfe Kreisstadt Mei\u00dfen&nbsp;&nbsp;&nbsp; &nbsp;&nbsp;&nbsp;&nbsp;&nbsp;&nbsp;&nbsp;&nbsp; &nbsp; &nbsp; &nbsp; &nbsp; &nbsp; &nbsp; &nbsp; &nbsp; &nbsp; &nbsp; &nbsp; &nbsp; &nbsp; &nbsp; &nbsp; &nbsp; &nbsp;&nbsp; &nbsp; &nbsp; &nbsp; &nbsp; &nbsp; &nbsp; &nbsp; &nbsp;&nbsp;&nbsp;&nbsp;&nbsp;&nbsp;&nbsp;&nbsp;&nbsp;&nbsp;&nbsp;&nbsp;&nbsp;&nbsp;&nbsp;&nbsp;&nbsp;&nbsp; &nbsp;&nbsp;&nbsp;&nbsp;&nbsp;&nbsp;&nbsp;&nbsp;&nbsp;&nbsp;&nbsp;&nbsp;&nbsp;&nbsp;&nbsp;&nbsp;&nbsp;&nbsp;&nbsp;&nbsp;&nbsp;&nbsp;&nbsp;&nbsp;&nbsp;&nbsp;&nbsp;&nbsp;&nbsp;&nbsp;&nbsp;&nbsp;&nbsp;&nbsp;&nbsp;&nbsp;&nbsp;&nbsp;&nbsp;&nbsp;&nbsp;&nbsp;&nbsp;&nbsp;&nbsp;&nbsp;&nbsp;&nbsp;&nbsp;&nbsp;&nbsp;&nbsp;&nbsp;&nbsp;&nbsp;&nbsp;&nbsp;&nbsp;&nbsp;&nbsp;&nbsp;&nbsp;&nbsp;&nbsp;&nbsp;&nbsp;&nbsp;&nbsp;&nbsp;&nbsp;&nbsp;&nbsp;&nbsp;&nbsp;&nbsp;&nbsp;&nbsp;&nbsp;&nbsp;&nbsp;&nbsp;&nbsp;&nbsp;&nbsp;&nbsp;&nbsp;&nbsp;&nbsp;&nbsp;&nbsp;&nbsp;&nbsp;&nbsp;&nbsp;&nbsp;&nbsp;&nbsp;&nbsp;&nbsp;&nbsp;&nbsp;&nbsp;&nbsp;&nbsp;&nbsp;&nbsp;&nbsp;&nbsp;&nbsp;&nbsp;&nbsp;&nbsp;&nbsp;&nbsp;&nbsp;&nbsp;&nbsp;&nbsp;&nbsp;&nbsp;&nbsp;&nbsp;&nbsp;&nbsp;&nbsp;&nbsp;&nbsp;&nbsp;&nbsp;&nbsp;&nbsp;&nbsp;&nbsp;&nbsp;&nbsp;&nbsp;&nbsp; &nbsp;&nbsp; &nbsp;&nbsp;&nbsp;&nbsp;&nbsp;&nbsp; Familenamt &nbsp; &nbsp; &nbsp; &nbsp; &nbsp; &nbsp; &nbsp;&nbsp;&nbsp;&nbsp;&nbsp;&nbsp;&nbsp;&nbsp;&nbsp;&nbsp;&nbsp;&nbsp;&nbsp;&nbsp;&nbsp;<\/strong><\/p>\n<p><\/p>\n<h6 style=\"text-align: center;\"><strong>\u00dcbergeordnete Hausordnung f\u00fcr alle kommunalen Horteinrichtungen <br><\/strong><\/h6>\n<p><\/p>\n<p style=\"padding-left: 40px;\">Diese Hausordnung gilt f\u00fcr alle Kindertageseinrichtungen der Stadt Mei\u00dfen und ist Bestandteil des Betreuungsvertrages. Sie gilt f\u00fcr alle Personen, die das Gel\u00e4nde und die Kindertageseinrichtung betreten. Die Kindereinrichtung ist weltanschaulich neutral und steht grunds\u00e4tzlich Kindern und deren Personensorgeberechtigten unabh\u00e4ngig von der Religion, Nationalit\u00e4t, Behinderung und Geschlecht sowie sexueller Orientierung offen gegen\u00fcber. In der Kindereinrichtung wird das Hausrecht durch die Einrichtungsleitung oder einer\/einem von ihr beauftragten Mitarbeiter\/in ausge\u00fcbt. Neben den allgemeinen Regelungen gelten die einrichtungsinternen Erg\u00e4nzungen zur Hausordnung.<\/p>\n<p><\/p>\n<p style=\"padding-left: 40px;\">1.Kinder, f\u00fcr die ein Betreuungsvertrag abgeschlossen wurde, deren Geschwister sowie Personensorgeberechtigte bzw. sie vertretende Personen k\u00f6nnen in der Regel ohne sich anzumelden die Kindertageseinrichtung betreten. Besucher(innen) oder Dienst-leistende haben sich nach Betreten\/beim Verlassen der Kindertageseinrichtung unverz\u00fcglich bei der Einrichtungsleitung bzw. einer p\u00e4dagogischen Fachkraft an- und abzumelden.<\/p>\n<p><\/p>\n<p style=\"padding-left: 40px;\">2. Ab \u00d6ffnung der Kindertageseinrichtung k\u00f6nnen Kinder die Einrichtung besuchen. Mit der pers\u00f6nlichen \u00dcbergabe an die p\u00e4dagogische Fachkraft beginnt die Betreuung. Die Abholung erfolgt bis zum Ende der vereinbarten Betreuungszeit und vor Schlie\u00dfung der Kindertageseinrichtung. Die berechtigte abholende Person meldet das abzuholende Kind bei einer p\u00e4dagogischen Fachkraft ab. Ist diese Person den anwesenden Erzieher(innen) nicht bekannt, dann sind diese verpflichtet sich ein g\u00fcltiges Dokument zur Identit\u00e4tskl\u00e4rung vorlegen zu lassen.<\/p>\n<p><\/p>\n<p style=\"padding-left: 40px;\">3. Bei Nichtabholung des Kindes aus der Kita, nach Beendigung der \u00d6ffnungszeit, sind die Fachkr\u00e4fte verpflichtet eine Stunde lang Kontaktversuche zu allen abhol-berechtigten Personen zu unternehmen. Gelingt dies nicht, dann werden sich die Fachkr\u00e4fte an die \u00f6rtliche Polizeidienstelle wenden und diese wiederum informiert dann den Bereitschaftsdienst des ASD (Allgemeiner Sozialer Dienst). Mittels einer Information an der Eingangst\u00fcr erfahren Sie dann, wo Ihr Kind in Obhut genommen wurde und wen Sie f\u00fcr die weiteren Schritte kontaktieren m\u00fcssen.<\/p>\n<p><\/p>\n<p style=\"padding-left: 40px;\">4. Beim Betreten und Verlassen der Kindertageseinrichtung ist darauf zu achten, dass die Eingangst\u00fcr und das Grundst\u00fcckstor im Interesse und zum Schutz der Kinder wieder geschlossen werden.<\/p>\n<p><\/p>\n<p style=\"padding-left: 40px;\">5. Die Kindertageseinrichtung wird ausschlie\u00dflich zur Kindertagesbetreuung und hiermit verbundenen Veranstaltungen genutzt.<\/p>\n<p><\/p>\n<p style=\"padding-left: 40px;\">6. Die Themen- bzw. Gruppenr\u00e4ume der Einrichtung sind aus hygienischen Gr\u00fcnden nicht mit Stra\u00dfenschuhen zu betreten.<\/p>\n<p><\/p>\n<p style=\"padding-left: 40px;\">7. Alle Besucher(innen) der Kindertageseinrichtung sind verpflichtet, das Geb\u00e4ude und die Au\u00dfenanlagen zu schonen, sauber zu halten und Besch\u00e4digungen zu vermeiden. Aufgetretene Sch\u00e4den sind der Einrichtungsleitung oder den Mitarbeiter(innen) unverz\u00fcglich zu melden.<\/p>\n<p><\/p>\n<p style=\"padding-left: 40px;\">8. Die allgemeinen Regeln des Brandschutzes und Verhaltens bei Br\u00e4nden und Gefahren sind durch alle Besucher(innen) der Kindertageseinrichtung einzuhalten. Die Fluchtwege sind den ausgeh\u00e4ngten Pl\u00e4nen zu entnehmen. Rettungswege m\u00fcssen stets freigehalten werden.<\/p>\n<p><\/p>\n<p style=\"padding-left: 40px;\">9. Unf\u00e4lle innerhalb des Objektes sowie auf dem Weg zur Kindertageseinrichtung und nach Hause sind unverz\u00fcglich der Einrichtungsleitung zu melden.<\/p>\n<p><\/p>\n<p style=\"padding-left: 40px;\">10. In der Kindertageseinrichtung und im Au\u00dfengel\u00e4nde ist es nicht zul\u00e4ssig:<\/p>\n<p style=\"padding-left: 80px;\">\u00b7&nbsp;&nbsp;&nbsp;&nbsp;&nbsp;&nbsp;&nbsp;&nbsp; zu rauchen<\/p>\n<p style=\"padding-left: 80px;\">\u00b7&nbsp;&nbsp;&nbsp;&nbsp;&nbsp;&nbsp;&nbsp;&nbsp; Alkohol oder andere Rauschmittel zu konsumieren,<\/p>\n<p style=\"padding-left: 80px;\">\u00b7&nbsp;&nbsp;&nbsp;&nbsp;&nbsp;&nbsp;&nbsp;&nbsp; Tiere mitzubringen (Ausnahmen: Durchf\u00fchrung von p\u00e4dagogischen Projekten)<\/p>\n<p style=\"padding-left: 80px;\">\u00b7&nbsp;&nbsp;&nbsp;&nbsp;&nbsp;&nbsp;&nbsp;&nbsp; Waffen oder andere gef\u00e4hrliche Gegenst\u00e4nde mitzuf\u00fchren,<\/p>\n<p style=\"padding-left: 80px;\">\u00b7&nbsp;&nbsp;&nbsp;&nbsp;&nbsp;&nbsp;&nbsp;&nbsp; politische oder kommerzielle Werbung zu betreiben<\/p>\n<p style=\"padding-left: 80px;\">\u00b7&nbsp;&nbsp;&nbsp;&nbsp;&nbsp;&nbsp;&nbsp;&nbsp; extremistische Meinungen \u00f6ffentlich zu vertreten.<\/p>\n<p><\/p>\n<p style=\"padding-left: 40px;\">11. Von Personensorgeberechtigten, Elternrat oder Dritten zum Aushang oder zur Verteilung mitgebrachtes Informationsmaterial jeglicher Art ist generell durch die Einrichtungsleitung zu genehmigen.<\/p>\n<p><\/p>\n<p style=\"padding-left: 40px;\">12. Die Pers\u00f6nlichkeitsrechte der Jungen und M\u00e4dchen sowie der Mitarbeiter(innen) sind zu respektieren und zu wahren. Pers\u00f6nliche Portfolios der Jungen und M\u00e4dchen d\u00fcrfen nur mit Zustimmung dieser oder der Personensorgeberechtigten eingesehen werden. Das gezielte Fotografieren und Filmen von Kindern und Mitarbeiter(inne)n und Anlagen der Kindertageseinrichtungen ist nur mit Zustimmung der Gro\u00dfen Kreisstadt Mei\u00dfen erlaubt.<\/p>\n<p><\/p>\n<p style=\"padding-left: 40px;\">13. F\u00fcr den Verlust, die Besch\u00e4digung und die Verwechslung von Bekleidung und pers\u00f6nlicher Gegenst\u00e4nde der Kinder, Personensorgeberechtigten und Besucher(innen) der Einrichtung wird keine Haftung \u00fcbernommen.<\/p>\n<p><\/p>\n<p style=\"padding-left: 40px;\">14. Um ein gesundes Aufwachsen der Kinder in Ihren Familien zu erm\u00f6glichen, wird eine Erholungszeit von mindestens 3 Wochen im Jahr, davon 14 Tage zusammenh\u00e4ngend, f\u00fcr ein Kind au\u00dferhalb der Einrichtung empfohlen. In der Kindereinrichtung zu spielen und zu lernen ist f\u00fcr ein Kind ebenso anstrengend wie die Arbeit f\u00fcr einen Erwachsenen.<\/p>\n<p><\/p>\n<p style=\"padding-left: 40px;\">15. Bei gemeinsamen Veranstaltungen (Feste, Feiern, Ausfl\u00fcge\u2026) sind die Personen-sorgeberechtigten aufsichtspflichtig, sofern vorher keine anderen Absprachen \u00fcber die Wahrnehmung der Aufsichtspflicht getroffen wurden.<\/p>\n<p style=\"padding-left: 40px;\">16. Teilen Sie dem Fachpersonal unbedingt mit, ob Ihr Kind Allergien oder Unvertr\u00e4glich-keiten hat. Sollte das der Fall sein und ben\u00f6tigt Ihr Kind deswegen dringend Medikamente, gelten die Empfehlungen des S\u00e4chsischen Staatsministeriums f\u00fcr Soziales zur Medikamentengabe in Kindereinrichtungen im Freistaat Sachsen vom 27.04.2005.<\/p>\n<p><\/p>\n<p style=\"padding-left: 40px;\">17. Sollte Ihr Kind oder eine andere im Haushalt lebende Person an einer ansteckenden Infektionskrankheit erkrankt sein, dann sind Sie zur Mitteilung in der Kindertages-einrichtung, laut Infektionsschutzgesetz \u00a734 Abs. 5 S. 2 verpflichtet. Es gelten die jeweils g\u00fcltigen Empfehlungen f\u00fcr die Wiederzulassung in Schulen und sonstigen Gemeinschaftseinrichtungen im Freistaat Sachsen.<\/p>\n<p><\/p>\n<p style=\"padding-left: 40px;\">18. Erkrankt ein Kind w\u00e4hrend seines Aufenthaltes in der Einrichtung, es bekommt z.B. hohes Fieber, hustet stark oder erbricht sich, muss es abgeholt werden. Fiebernde oder ansteckende Kinder d\u00fcrfen nicht in der Einrichtung betreut werden.<\/p>\n<p><\/p>\n<p style=\"padding-left: 40px;\">19. Die Aufgabe aller Mitarbeiter(innen) ist es, den Schutz der Kinder nach \u00a7 8 a SGB VIII zu gew\u00e4hrleisten. Alle sind deshalb besonders sensibel, wenn es um das Wohl eines Kindes geht. Wird eine Gef\u00e4hrdung bekannt oder bemerkt, erfolgt eine interne Gef\u00e4hrdungseinsch\u00e4tzung. Ausgehend vom Ergebnis handelt die Einrichtung, ggf. wird diese im \u00f6rtlichen Jugendamt zur Anzeige gebracht. Au\u00dfer im Akutfall werden zuvor Gespr\u00e4che mit den Personensorgeberechtigten gef\u00fchrt.<\/p>\n<p><\/p>\n<p style=\"padding-left: 40px;\">20. Accessoires, Pantoletten, Kordeln, Schmuck usw. stellen eine Unfallgefahr f\u00fcr die Kinder im Tageslauf dar. Sie sollten w\u00e4hrend des Besuches ihres Kindes in der Einrichtung darauf verzichten. Grunds\u00e4tzlich ist das Tragen bei sportlichen Aktivit\u00e4ten nicht gestattet.<\/p>\n<p><\/p>\n<p style=\"padding-left: 40px;\">21. Mit ihrer Einwilligung entfernen wir bei Ihrem Kind Zecken oder Insektenstachel. Sie werden dar\u00fcber informiert.<\/p>\n<p><\/p>\n<p style=\"padding-left: 40px;\">22. Beobachtung ist die Grundlage der P\u00e4dagog(innen) im Hinblick auf die Begleitung und Unterst\u00fctzung kindlicher Lern- und Entwicklungsprozesse. Die Beobachtungsmethode w\u00e4hlt die Einrichtung f\u00fcr sich selbst. Diese Beobachtungen werden dokumentiert. Sie sind die Grundlage f\u00fcr die Entwicklungsgespr\u00e4che mit Ihnen als Eltern. Diese Gespr\u00e4che finden in der Hortzeit mindestens ein Mal statt.<\/p>\n<p><\/p>\n<p style=\"padding-left: 40px;\">23. Jedes Kind hat von Beginn an ein Portfolio. Diese strukturierte und individuelle Bildungs- und Entwicklungsdokumentation ist ein wesentlicher Bestandteil der t\u00e4glichen p\u00e4dagogischen Arbeit mit dem Kind und mit den Eltern.<\/p>\n<p><\/p>\n<p style=\"padding-left: 40px;\">24. Jede Einrichtung arbeitet nach einer individuell erstellten Konzeption. Diese Konzeption spiegelt die p\u00e4dagogische Arbeit des gesamten Teams transparent wider und orientiert sich an den Rahmenbedingungen, an gesetzlichen sowie tr\u00e4gerinternen Vorgaben und an den Besonderheiten der Einrichtung. Sie ist die Grundlage f\u00fcr die Betriebserlaubnis und daher bindend umzusetzen und stets weiterzuentwickeln.<\/p>\n<p><\/p>\n<p style=\"padding-left: 40px;\">25. Um die Qualit\u00e4t in den Einrichtungen festzustellen und zu sichern, ist es immer wieder notwendig diese zu \u00fcberpr\u00fcfen und zu reflektieren. Zur \u00dcberpr\u00fcfung verwenden alle Kitas unter anderem den Nationalen Kriterienkatalog von P\u00e4dQUIS und alle Horte unter anderem QUAST.<\/p>\n<p><\/p>\n<p style=\"padding-left: 40px;\">26. Das Spiel ist die Hauptt\u00e4tigkeit der Kinder. Im Spiel verarbeiten und festigen sie Erlebnisse und Beobachtungen. Es ist die Hauptaufgabe der Fachkr\u00e4fte das Spiel der Kinder zu begleiten und die von ihnen im Elternhaus aufgebauten individuellen F\u00e4higkeiten zu festigen und auszubauen.<\/p>\n<p><\/p>\n<p style=\"padding-left: 40px;\">27. Nach der Datenschutz- Grundverordnung Art. 13 und Art. 14 verwalten wir ihre Daten, die wir im Zusammenhang mit der Betreuung und Erziehung ihres Kindes ben\u00f6tigen, mit ihrem Einverst\u00e4ndnis sicher. Ihre Einverst\u00e4ndniserkl\u00e4rung k\u00f6nnen sie jederzeit widerrufen. Die von ihnen gegebene Schweigepflichtsentbindung ben\u00f6tigen die P\u00e4dagog*innen f\u00fcr Gespr\u00e4che mit externen beteiligten Personen z. B. Therapeuten, der Beratungslehrerein der Grundschule usw., immer ausschlie\u00dflich im Zusammenhang mit der Entwicklung und zum Wohl ihres Kindes. Lesen sie hierzu aufmerksam das Informationsblatt der Stadt Mei\u00dfen.<\/p>\n<p><\/p>\n<p style=\"padding-left: 40px;\">28. Erwachsene sind in allen Lebensbereichen Vorbilder f\u00fcr Ihre Kinder. Deshalb und aus gegenseitiger Achtung heraus, gehen alle Personen, die sich in der Einrichtung aufhalten respektvoll miteinander um.<\/p>\n<p><\/p>\n<p style=\"padding-left: 40px;\">29. \u00c4nderungen und Ver\u00e4nderungen, die das Vertragsverh\u00e4ltnis betreffen sind unverz\u00fcglich und unaufgefordert in schriftlicher Form oder durch Erkl\u00e4rung zur Niederschrift der Leitung der Kindertageseinrichtung mitzuteilen.<\/p>\n<p><\/p>\n<p style=\"padding-left: 40px;\">30. Die Personensorgeberechtigten sind verpflichtet sich gegenseitig \u00fcber alle Angelegenheiten und Vorkommnisse, die das Kind im Betreuungsverh\u00e4ltnis betreffen, zu informieren.<\/p>\n<p><\/p>\n\n<p>\u00a0<\/p>\n<p>\u00a0<\/p>\n<p>\u00a0<\/p>\n<p>.<\/p>","protected":false},"excerpt":{"rendered":"<p>Hort der Johannesschule Mei\u00dfen Dresdner Stra\u00dfe 21\/23&nbsp;&nbsp;&nbsp;&nbsp;&nbsp;&nbsp;&nbsp;&nbsp;&nbsp;&nbsp;&nbsp;&nbsp;&nbsp;&nbsp;&nbsp;&nbsp;&nbsp;&nbsp;&nbsp;&nbsp;&nbsp;&nbsp;&nbsp;&nbsp;&nbsp;&nbsp;&nbsp;&nbsp;&nbsp;&nbsp;&nbsp;&nbsp;&nbsp;&nbsp;&nbsp;&nbsp;&nbsp;&nbsp;&nbsp;&nbsp;&nbsp;&nbsp;&nbsp;&nbsp;&nbsp;&nbsp;&nbsp;&nbsp;&nbsp;&nbsp;&nbsp;&nbsp;&nbsp;&nbsp;&nbsp;&nbsp;&nbsp;&nbsp;&nbsp;&nbsp;&nbsp;&nbsp;&nbsp;&nbsp;&nbsp;&nbsp;&nbsp;&nbsp;&nbsp;&nbsp;&nbsp;&nbsp;&nbsp;&nbsp;&nbsp;&nbsp;&nbsp;&nbsp;&nbsp;&nbsp;&nbsp;&nbsp;&nbsp; 01662 Mei\u00dfen&nbsp;&nbsp;&nbsp;&nbsp;&nbsp;&nbsp;&nbsp;&nbsp;&nbsp;&nbsp;&nbsp;&nbsp;&nbsp;&nbsp;&nbsp;&nbsp;&nbsp;&nbsp;&nbsp;&nbsp;&nbsp;&nbsp;&nbsp;&nbsp;&nbsp;&nbsp;&nbsp;&nbsp;&nbsp;&nbsp;&nbsp;&nbsp;&nbsp;&nbsp;&nbsp;&nbsp;&nbsp;&nbsp;&nbsp;&nbsp;&nbsp;&nbsp;&nbsp;&nbsp;&nbsp;&nbsp;&nbsp;&nbsp;&nbsp;&nbsp;&nbsp;&nbsp;&nbsp;&nbsp;&nbsp;&nbsp;&nbsp;&nbsp;&nbsp;&nbsp;&nbsp;&nbsp;&nbsp;&nbsp;&nbsp;&nbsp;&nbsp;&nbsp;&nbsp;&nbsp;&nbsp;&nbsp;&nbsp;&nbsp;&nbsp;&nbsp;&nbsp;&nbsp;&nbsp;&nbsp;&nbsp;&nbsp;&nbsp;&nbsp;&nbsp;&nbsp;&nbsp;&nbsp;&nbsp;&nbsp;&nbsp;&nbsp; Tel.: 03521\/731154 &nbsp; F\u00fcr alle Hortr\u00e4ume und das gesamte Au\u00dfengel\u00e4nde \u00d6ffnungszeiten<\/p>\n","protected":false},"author":1,"featured_media":0,"parent":0,"menu_order":0,"comment_status":"closed","ping_status":"closed","template":"","meta":{"colormag_page_container_layout":"default_layout","colormag_page_sidebar_layout":"default_layout","footnotes":""},"class_list":["post-52","page","type-page","status-publish","hentry"],"_links":{"self":[{"href":"https:\/\/hortjs.edu-meissen.de\/index.php?rest_route=\/wp\/v2\/pages\/52","targetHints":{"allow":["GET"]}}],"collection":[{"href":"https:\/\/hortjs.edu-meissen.de\/index.php?rest_route=\/wp\/v2\/pages"}],"about":[{"href":"https:\/\/hortjs.edu-meissen.de\/index.php?rest_route=\/wp\/v2\/types\/page"}],"author":[{"embeddable":true,"href":"https:\/\/hortjs.edu-meissen.de\/index.php?rest_route=\/wp\/v2\/users\/1"}],"replies":[{"embeddable":true,"href":"https:\/\/hortjs.edu-meissen.de\/index.php?rest_route=%2Fwp%2Fv2%2Fcomments&post=52"}],"version-history":[{"count":19,"href":"https:\/\/hortjs.edu-meissen.de\/index.php?rest_route=\/wp\/v2\/pages\/52\/revisions"}],"predecessor-version":[{"id":561,"href":"https:\/\/hortjs.edu-meissen.de\/index.php?rest_route=\/wp\/v2\/pages\/52\/revisions\/561"}],"wp:attachment":[{"href":"https:\/\/hortjs.edu-meissen.de\/index.php?rest_route=%2Fwp%2Fv2%2Fmedia&parent=52"}],"curies":[{"name":"wp","href":"https:\/\/api.w.org\/{rel}","templated":true}]}}