{"id":42,"date":"2021-03-30T12:28:19","date_gmt":"2021-03-30T10:28:19","guid":{"rendered":"https:\/\/hortjs.edu-meissen.de\/?page_id=42"},"modified":"2022-08-29T13:05:58","modified_gmt":"2022-08-29T11:05:58","slug":"impressum","status":"publish","type":"page","link":"https:\/\/hortjs.edu-meissen.de\/?page_id=42","title":{"rendered":"Impressum"},"content":{"rendered":"<p>Hort Johannesschule Mei\u00dfen<br \/>\nDresdner Stra\u00dfe 21\/23<br \/>\n01662 Mei\u00dfen<\/p>\n<p>Leitung: Frau Claudia Matthes<\/p>\n<p>Telefon: +49 3521 731154<br \/>\nE-Mail: leitung@hortjs.edu-meissen.de<\/p>\n<h4>Haftung und Urheberrecht<\/h4>\n<p align=\"justify\">Alle Inhalte dieser Internetseite, einschlie\u00dflich der Gestaltung und Programmierung, unterliegen dem Urheberrecht (\u00a9 Copyright). Alle Rechte vorbehalten, alle Angaben ohne Gew\u00e4hr, \u00c4nderungen vorbehalten. Es wird keine Haftung f\u00fcr unverlangt eingesandte Beitr\u00e4ge, Bilder oder Illustrationen \u00fcbernommen. Alle Texte und Bilder sind urheberrechtlich gesch\u00fctzt. Die Ver\u00f6ffentlichung, \u00dcbernahme oder Nutzung von Texten, Bildern oder anderen Daten bedarf der ausdr\u00fccklichen schriftlichen Zustimmung von den Betreibern der Internetseite. F\u00fcr Anleitungen, Hinweise, Empfehlungen oder Einsch\u00e4tzungen wird keine Haftung \u00fcbernommen. Trotz aller Bem\u00fchungen um m\u00f6glichst korrekte Darstellung und Pr\u00fcfung von Sachverhalten sind Irrt\u00fcmer m\u00f6glich.<\/p>\n<h4>Haftungsausschluss<\/h4>\n<h5><em>Inhalt des Onlineangebotes<\/em><\/h5>\n<p align=\"justify\">Die Autoren \u00fcbernehmen keinerlei Gew\u00e4hr f\u00fcr die Aktualit\u00e4t, Korrektheit, Vollst\u00e4ndigkeit oder Qualit\u00e4t der bereitgestellten Informationen. Haftungsanspr\u00fcche gegen die Autoren, welche sich auf Sch\u00e4den materieller oder ideeller Art beziehen, die durch die Nutzung oder Nichtnutzung der dargebotenen Informationen bzw. durch die Nutzung fehlerhafter und unvollst\u00e4ndiger Informationen verursacht wurden, sind grunds\u00e4tzlich ausgeschlossen, sofern seitens der Autoren kein nachweislich vors\u00e4tzliches oder grob fahrl\u00e4ssiges Verschulden vorliegt. Alle Angebote sind freibleibend und unverbindlich. Der Autor beh\u00e4lt es sich ausdr\u00fccklich vor, Teile der Seiten oder das gesamte Angebot ohne gesonderte Ank\u00fcndigung zu ver\u00e4ndern, zu erg\u00e4nzen, zu l\u00f6schen oder die Ver\u00f6ffentlichung zeitweise oder endg\u00fcltig einzustellen.<\/p>\n<h5><em>Verweise und Links<\/em><\/h5>\n<p align=\"justify\">Bei direkten oder indirekten Verweisen auf fremde Webseiten (&#8222;Hyperlinks&#8220;), die au\u00dferhalb des Verantwortungsbereiches der Autoren liegen, w\u00fcrde eine Haftungsverpflichtung ausschlie\u00dflich in dem Fall in Kraft treten, in dem die Autoren von den Inhalten Kenntnis hat und es ihm technisch m\u00f6glich und zumutbar w\u00e4re, die Nutzung im Falle rechtswidriger Inhalte zu verhindern. Der Autor erkl\u00e4rt hiermit ausdr\u00fccklich, dass zum Zeitpunkt der Linksetzung keine illegalen Inhalte auf den zu verlinkenden Seiten erkennbar waren. Auf die aktuelle und zuk\u00fcnftige Gestaltung, die Inhalte oder die Urheberschaft der gelinkten\/verkn\u00fcpften Seiten hat der Autor keinerlei Einfluss.<\/p>\n<p>Deshalb distanziert er sich hiermit ausdr\u00fccklich von allen Inhalten aller gelinkten \/ verkn\u00fcpften Seiten, die nach der Linksetzung ver\u00e4ndert wurden. Diese Feststellung gilt f\u00fcr alle innerhalb des eigenen Internetangebotes gesetzten Links und Verweise sowie f\u00fcr Fremdeintr\u00e4ge in vom Autor eingerichteten G\u00e4steb\u00fcchern, Diskussionsforen, Linkverzeichnissen, Mailinglisten und in allen anderen Formen von Datenbanken, auf deren Inhalt externe Schreibzugriffe m\u00f6glich sind. F\u00fcr illegale, fehlerhafte oder unvollst\u00e4ndige Inhalte und insbesondere f\u00fcr Sch\u00e4den, die aus der Nutzung oder Nichtnutzung solcherart dargebotener Informationen entstehen, haftet allein der Anbieter der Seite, auf welche verwiesen wurde, nicht derjenige, der \u00fcber Links auf die jeweilige Ver\u00f6ffentlichung lediglich verweist.<\/p>\n<h5><em>Urheber- und Kennzeichenrecht<\/em><\/h5>\n<p align=\"justify\">Die Autoren sind bestrebt, in allen Publikationen die Urheberrechte der verwendeten Grafiken und Texte zu beachten, von ihm selbst erstellte Grafiken und Texte zu nutzen oder auf lizenzfreie Grafiken und Texte zur\u00fcckzugreifen. Alle innerhalb des Internetangebotes genannten und ggf. durch Dritte gesch\u00fctzten Marken- und Warenzeichen unterliegen uneingeschr\u00e4nkt den Bestimmungen des jeweils g\u00fcltigen Kennzeichenrechts und den Besitzrechten der jeweiligen eingetragenen Eigent\u00fcmer. Allein aufgrund der blo\u00dfen Nennung ist nicht der Schluss zu ziehen, dass Markenzeichen nicht durch Rechte Dritter gesch\u00fctzt sind ! Das Copyright f\u00fcr ver\u00f6ffentlichte, von den Autoren selbst erstellte Objekte bleibt allein bei den Autoren der Internetseiten. Eine Vervielf\u00e4ltigung oder Verwendung solcher Grafiken und Texte in anderen elektronischen oder gedruckten Publikationen ist ohne ausdr\u00fcckliche Zustimmung des Autors nicht gestattet.<\/p>\n<p>\u00a9 Logo und Bilder : Hort Johannesschule Mei\u00dfen &#8211; Dresdner Stra\u00dfe 21\/23 &#8211; 01662 Mei\u00dfen<\/p>\n<h5><\/h5>\n<h5><em>Datenschutz<\/em><\/h5>\n<p align=\"justify\">Sofern innerhalb des Internetangebotes die M\u00f6glichkeit zur Eingabe pers\u00f6nlicher oder gesch\u00e4ftlicher Daten (Emailadressen, Namen, Anschriften) besteht, so erfolgt die Preisgabe dieser Daten seitens des Nutzers auf ausdr\u00fccklich freiwilliger Basis. Die Inanspruchnahme und Bezahlung aller angebotenen Dienste ist &#8211; soweit technisch m\u00f6glich und zumutbar &#8211; auch ohne Angabe solcher Daten bzw. unter Angabe anonymisierter Daten oder eines Pseudonyms gestattet. Rechtliche Schritte gegen die Versender von sogenannten Spam-Mails bei Verst\u00f6\u00dfen gegen dieses Verbot sind ausdr\u00fccklich vorbehalten.<\/p>\n<h5><em>Rechtswirksamkeit dieses Haftungsausschlusses<\/em><\/h5>\n<p align=\"justify\">Dieser Haftungsausschluss ist als Teil des Internetangebotes zu betrachten, von dem aus auf diese Seite verwiesen wurde. Sofern Teile oder einzelne Formulierungen dieses Textes der geltenden Rechtslage nicht, nicht mehr oder nicht vollst\u00e4ndig entsprechen sollten, bleiben die \u00fcbrigen Teile des Dokumentes in ihrem Inhalt und ihrer G\u00fcltigkeit davon unber\u00fchrt.<\/p>\n<div align=\"center\"><\/div>\n<h2>Haftungsausschluss<\/h2>\n<p>Wir arbeiten st\u00e4ndig daran, unsere Webseite zu verbessern. Dennoch ist es m\u00f6glich, dass Sie hier auf unrichtige, unvollst\u00e4ndige, veraltete, widerspr\u00fcchliche, in falschem Zusammenhang stehende oder verk\u00fcrzte Angaben treffen. Es kann deshalb keine Verantwortung f\u00fcr Sch\u00e4den \u00fcbernommen werden, die durch das Vertrauen auf die Inhalte dieser Website oder deren Gebrauch entstehen.<\/p>\n<p>Wir \u00fcbernehmen keine Haftung f\u00fcr den Inhalt dieser Webseite, insbesondere im Hinblick auf Richtigkeit, Aktualit\u00e4t und Vollst\u00e4ndigkeit der zur Verf\u00fcgung gestellten Informationen. Die Geltendmachung von Anspr\u00fcchen jeglicher Art ist ausgeschlossen.<\/p>\n<h2>Externe Links<\/h2>\n<p>Diese Website enth\u00e4lt Verkn\u00fcpfungen zu Websites Dritter (\u201cexterne Links\u201d). Diese Websites unterliegen der Haftung der jeweiligen Anbieter. Zum Zeitpunkt der Verlinkung wurden die Ziele der gesetzten externen Links auf m\u00f6gliche Rechtsverletzungen \u00fcberpr\u00fcft und es waren keine Rechtsverletzungen erkennbar. Eine st\u00e4ndige Kontrolle der externen Links ist ohne konkrete Hinweise auf Rechtsverletzungen nicht zumutbar. Sollten uns Rechtsverletzungen bekannt werden, werden wir die entsprechenden Links umgehend entfernen.<\/p>\n<p>.<\/p>\n","protected":false},"excerpt":{"rendered":"<p>Hort Johannesschule Mei\u00dfen Dresdner Stra\u00dfe 21\/23 01662 Mei\u00dfen Leitung: Frau Claudia Matthes Telefon: +49 3521 731154 E-Mail: leitung@hortjs.edu-meissen.de Haftung und<\/p>\n","protected":false},"author":1,"featured_media":0,"parent":0,"menu_order":0,"comment_status":"closed","ping_status":"closed","template":"","meta":{"colormag_page_container_layout":"default_layout","colormag_page_sidebar_layout":"default_layout","footnotes":""},"class_list":["post-42","page","type-page","status-publish","hentry"],"_links":{"self":[{"href":"https:\/\/hortjs.edu-meissen.de\/index.php?rest_route=\/wp\/v2\/pages\/42","targetHints":{"allow":["GET"]}}],"collection":[{"href":"https:\/\/hortjs.edu-meissen.de\/index.php?rest_route=\/wp\/v2\/pages"}],"about":[{"href":"https:\/\/hortjs.edu-meissen.de\/index.php?rest_route=\/wp\/v2\/types\/page"}],"author":[{"embeddable":true,"href":"https:\/\/hortjs.edu-meissen.de\/index.php?rest_route=\/wp\/v2\/users\/1"}],"replies":[{"embeddable":true,"href":"https:\/\/hortjs.edu-meissen.de\/index.php?rest_route=%2Fwp%2Fv2%2Fcomments&post=42"}],"version-history":[{"count":12,"href":"https:\/\/hortjs.edu-meissen.de\/index.php?rest_route=\/wp\/v2\/pages\/42\/revisions"}],"predecessor-version":[{"id":991,"href":"https:\/\/hortjs.edu-meissen.de\/index.php?rest_route=\/wp\/v2\/pages\/42\/revisions\/991"}],"wp:attachment":[{"href":"https:\/\/hortjs.edu-meissen.de\/index.php?rest_route=%2Fwp%2Fv2%2Fmedia&parent=42"}],"curies":[{"name":"wp","href":"https:\/\/api.w.org\/{rel}","templated":true}]}}